/(-21) + (-122)/y. Calculate the highest common divisor of k and 10.
10
Suppose 0 = -6*p + 10*p - 228. What is the highest common factor of 38 and p?
19
Let r = -10 + 31. Suppose -4*i + 206 = -130. Suppose 0*t - 4*t + i = 0. Calculate the greatest common divisor of r and t.
21
Let x = 56 + -52. What is the greatest common divisor of 28 and x?
4
Let d(c) = -c**2 - 13*c + 15. Let g be d(-13). What is the greatest common factor of 45 and g?
15
Let a = 19 + -15. Suppose 0*n - 90 = -2*n + 2*x, a*x = -4*n + 140. What is the greatest common divisor of n and 16?
8
Let m(r) = r**2 - 4*r - 15. Let f be m(-4). What is the highest common factor of f and 17?
17
Suppose 3*o = v - 2, -2*o - 5*v + 4 = 28. Let b be (-496)/(-32) - o/(-4). Calculate the greatest common divisor of b and 5.
5
Suppose 0 = f + 1, 0 = -v - 5*f + 176. Let h = v + 28. What is the highest common factor of h and 19?
19
Let q(r) = r**2 + 2. Let j be q(5). Let b = j + -16. What is the highest common divisor of b and 1?
1
Let c = -75 + 99. What is the highest common divisor of c and 16?
8
Suppose -3*w = w - 40. Suppose n + 123 = -3*x, 2*x + 2*n + n = -75. Let g = x - -72. What is the highest common divisor of g and w?
10
Let w = 271 + -135. What is the greatest common factor of w and 17?
17
Let g(a) = -a + 4. Let z be g(6). Let y be z/(-3*6/1287). Let v be ((-13)/2)/((-1)/2). What is the greatest common divisor of y and v?
13
Let g be -38*(1/(-2) + 1). Let i = g - -24. Calculate the greatest common divisor of i and 25.
5
Suppose 31 - 94 = -7*q. What is the greatest common divisor of 36 and q?
9
Let j(o) be the first derivative of -82*o**3/3 - o - 2. Let g be j(1). Let t = 70 - g. Calculate the highest common factor of 17 and t.
17
Let s(y) = -2*y - 1. Let t be s(1). Let i = 0 - t. What is the greatest common factor of i and 18?
3
Let b = -560 + 342. Let h = b + 322. What is the highest common factor of h and 13?
13
Let c be 2/((-4)/138)*(-36)/12. What is the highest common divisor of c and 23?
23
Let w(s) = s**2 + 96. Let t be w(0). Suppose -5*h + 13 = -0*v - v, 23 = 4*v - 5*h. Calculate the greatest common divisor of t and v.
12
Let c be -29*(-1)/(-2)*-4. Let s = -3 + c. Suppose -m - 15 = 4*i, 2*m + 3*m + 5*i = 0. Calculate the greatest common factor of s and m.
5
Let t = 122 + -26. What is the highest common divisor of t and 12?
12
Suppose 2*f - 78 = n + 2*n, 5*n = 20. Let p(o) = -3*o**2 + 6*o**2 + 3 + 3*o - o**2. Let q be p(3). Calculate the greatest common factor of f and q.
15
Let c be (4 + 0)/2 - -53. Suppose 0 = 5*b + 5*f - c, -3*f - 47 = -3*b + f. Calculate the greatest common factor of b and 91.
13
Let s(o) = -12*o**3 + o + 1. Let w = 7 + -4. Suppose 4*i - w*i - 3 = -4*z, 3*z = 3*i + 6. Let c be s(i). Calculate the greatest common divisor of c and 12.
12
Suppose -4*k - 11 = -u, 3*u + 2*u - k - 36 = 0. What is the greatest common divisor of 7 and u?
7
Let a(q) be the third derivative of q**5/60 - q**4/12 - 4*q**2. Let c be a(4). What is the greatest common divisor of c and 64?
8
Let n be 15 + (-1 - -1)/(-3). Calculate the greatest common divisor of 30 and n.
15
Let i(h) be the second derivative of -h**5/20 + h**4/4 - h**3/3 - 2*h**2 - h. Let r be i(4). Let u = r + 43. Calculate the highest common factor of 30 and u.
15
Let t(o) = -o. Suppose q + 8 = -5*b, 3*q + 5*b + 4 = -10. Let a be t(q). Suppose -a + 23 = 4*z. What is the greatest common factor of z and 50?
5
Let i(l) = -29*l**2 + 2*l - 1. Let y be i(1). Let w be (4 - y) + 0 + 2. What is the greatest common factor of w and 85?
17
Suppose -5*u = -3*x - 19, x = 2*x + 3*u - 17. Let g = 26 + -8. What is the greatest common divisor of g and x?
2
Let v be -5*(-2 - 1/(-1)). Suppose -v*m = -8 - 217. Calculate the greatest common divisor of m and 5.
5
Let l be (2/3)/((-3)/9). Let o be (0 + l)/(-2)*13. Calculate the greatest common factor of 117 and o.
13
Let y be (0/(-2) + 2)*1. Let h be (182/35)/(y/10). Calculate the highest common divisor of 65 and h.
13
Suppose 6*j - 52 = 2*j. Suppose 0*a - u = 3*a - 11, u = 5*a - j. Calculate the greatest common factor of 3 and a.
3
Let r be 94/6 + 7/21. Suppose 0 = 3*s + s - r. Calculate the highest common factor of s and 36.
4
Let a be (4/3)/((-4)/(-30)). Let u be 6 + 3*4/(-6). Suppose 3*n - 197 = -4*m, -5*n = 1 + u. Calculate the highest common divisor of m and a.
10
Let v(s) = -34*s + 21*s - 55*s. Let u be v(-1). Suppose -5*f - 3*n + 100 = 0, f + 24 = 3*f - 2*n. Calculate the greatest common factor of f and u.
17
Let o(z) = 12*z**2 - 4*z + 2. Suppose -4 - 2 = -3*c. Let k be o(c). What is the highest common divisor of 6 and k?
6
Let t be (-1)/(-4)*(-5 - -9). Calculate the highest common divisor of t and 5.
1
Let i(x) = -x**3 - x**2 + x + 110. Let s be i(0). Suppose 8*a - 312 - 40 = 0. What is the greatest common factor of s and a?
22
Let o = 2 - 1. Calculate the greatest common factor of o and 8.
1
Let t = 71 - 54. Calculate the greatest common divisor of t and 153.
17
Suppose -2*p - 54 = -5*p. Calculate the greatest common divisor of p and 27.
9
Suppose 5*j + 240 = 2*z - 33, 4*z = 2*j + 522. Suppose -a = -5*f - 25, 6*a + 3*f = 3*a + z. What is the greatest common factor of 8 and a?
8
Let z(g) = -2*g**3 - g**2 - g - 1. Let d be z(-1). Let a be (-30)/(-4)*2/3. What is the highest common divisor of d and a?
1
Let q = -10 - -13. Suppose 0 = q*a + 2*a - 200. Calculate the greatest common divisor of a and 16.
8
Let z(w) = w**3 - 12*w**2 - 10*w + 1. Let k be z(13). What is the greatest common divisor of 10 and k?
10
Let u = 70 + -32. Calculate the highest common factor of 95 and u.
19
Suppose 445 = 2*z + 3*z. Suppose 2*t - z = 55. Suppose 6*q = 7*q - 8. What is the highest common factor of t and q?
8
Suppose 2*u + 13 = 3*w - 19, 0 = w - 2*u - 12. Suppose -2*c + 5 = -35. What is the highest common factor of c and w?
10
Suppose 12 = 4*z + 3*w, -z + w = 4*w - 3. What is the greatest common divisor of z and 15?
3
Suppose 4*x - 5 - 35 = 0. Let j be (-2)/4 - 333/(-2). Let n = j + -96. What is the greatest common factor of x and n?
10
Suppose 0*w + 263 = 3*w + 5*k, 4*w - 354 = -5*k. Calculate the highest common divisor of w and 13.
13
Let m(o) = 9*o + 1. Let s be m(3). Calculate the highest common divisor of 4 and s.
4
Let l(i) = -8 + 17*i + 1 + 2. Suppose -2*r - 8 = -4*r. Let b be l(r). What is the highest common divisor of b and 7?
7
Let h be (0 - (0 + -2))/2. Calculate the greatest common factor of 1 and h.
1
Suppose q - 4*q = 3*y, -5*y = -2*q + 21. Let h be 8 + y + -3 + 3. Calculate the greatest common divisor of 15 and h.
5
Let c be ((-4)/(-3))/((-8)/(-108)). Let u(f) = f**3 - 10*f**2 + 10*f - 13. Let l be u(9). Let k = 6 + l. What is the greatest common factor of c and k?
2
Suppose 0 = 27*x - 30*x + 60. What is the greatest common divisor of x and 220?
20
Let z = -17 + 21. Let q = 73 + -37. Calculate the greatest common divisor of z and q.
4
Let d(m) = -m + 9. Let o be d(15). Let i(g) = g**2 + 5*g - 3. Let u be i(o). Let l = 14 + -5. What is the greatest common factor of l and u?
3
Suppose -t - 4*y = -2*t, 2*t - y = 35. Let o(c) = 8*c. Let j be o(4). Let a = 82 - j. What is the highest common factor of a and t?
10
Suppose -80 = -13*q + 11*q. Calculate the greatest common factor of 10 and q.
10
Let s(o) = -o**2 - o. Let x be s(-2). Let p be (-26)/4*x/1. Suppose -4*m + 52 = -0*m. What is the greatest common divisor of m and p?
13
Let p(n) be the third derivative of n**4/24 + 3*n**3/2 + 2*n**2. Let v be p(-8). What is the greatest common divisor of 9 and v?
1
Let t be ((-1)/(-3))/((-6)/(-756)). What is the highest common divisor of t and 28?
14
Suppose 4*i = -0*i + 80. What is the greatest common divisor of 30 and i?
10
Suppose -13*k + 9*k = -56. Calculate the highest common divisor of 112 and k.
14
Let m be (4/16 - 1)*-12. Calculate the greatest common divisor of 36 and m.
9
Let z be (-6)/(-3) - (-4 - -4). Calculate the highest common divisor of z and 18.
2
Suppose -2*g = -5*g - 30. Let a be (-4)/g*40/4. Let j be (-4)/5*(-40)/a. Calculate the highest common divisor of j and 1.
1
Let g be -8*(1 + 22/(-8)). Suppose 3*a + 2*f = -883, -2*f = -3*a + 3*f - 911. Let b = -171 - a. What is the highest common factor of b and g?
14
Let d = 72 - 32. Calculate the highest common factor of 8 and d.
8
Let j(w) = -w**